{"id":604,"date":"2021-02-20T15:19:27","date_gmt":"2021-02-20T15:19:27","guid":{"rendered":"https:\/\/newmusic.at\/?page_id=604"},"modified":"2021-02-20T15:19:28","modified_gmt":"2021-02-20T15:19:28","slug":"cd-108herzog-terezios-edition-thomaskirche-vol-2","status":"publish","type":"page","link":"https:\/\/istrings.eu\/newmusic.at\/cd-108herzog-terezios-edition-thomaskirche-vol-2\/","title":{"rendered":"CD-108:HERZOG-TEREZIOS                                                                   edition thomaskirche Vol.2"},"content":{"rendered":"\n<p>KONZERTMITSCHNITT<\/p>\n\n\n\n<p>07. <strong>Nobert Herzog<\/strong> (geb. 1934) Bicinium (Andante) f\u00fcr Oboe und Orgel<\/p>\n\n\n\n<p>11. <strong>Nobert Herzog<\/strong> Idylle f\u00fcr Oboe und Orgel (gewidmet Alfred Hertel)<\/p>\n\n\n\n<p>17. <strong>Marcello Terezios<\/strong> (geb. 1958) Pastorale f\u00fcr Oboe solo<\/p>\n\n\n\n<p>18. <strong>Nobert Herzog<\/strong> \u201eDer Tag nach dem Inferno\u201c komponiert am 26.9.2001<\/p>\n\n\n\n<p>22. <strong>Nobert Herzog<\/strong> Heiligenkreuzer Pr\u00e4ludium f\u00fcr Orgel solo<\/p>\n\n\n\n<p><em>Ausf\u00fchrende:<\/em><\/p>\n\n\n\n<p><em>Alfred Hertel, Oboe<\/em><\/p>\n\n\n\n<p><em>Norbert Herzog, Orgel<\/em><\/p>\n\n\n\n<p>Liveaufnahme vom 11. November 2001 in der Thomaskirche Wien-Favoriten<\/p>\n","protected":false},"excerpt":{"rendered":"<p>KONZERTMITSCHNITT 07. Nobert Herzog (geb. 1934) Bicinium (Andante) f\u00fcr Oboe und Orgel 11. Nobert Herzog Idylle f\u00fcr Oboe und Orgel (gewidmet Alfred Hertel) 17. Marcello Terezios (geb. 1958) Pastorale f\u00fcr Oboe solo 18. Nobert Herzog \u201eDer Tag nach dem Inferno\u201c komponiert am 26.9.2001 22. Nobert Herzog Heiligenkreuzer Pr\u00e4ludium f\u00fcr Orgel solo Ausf\u00fchrende: Alfred Hertel, Oboe &hellip; <\/p>\n<p class=\"link-more\"><a href=\"https:\/\/istrings.eu\/newmusic.at\/cd-108herzog-terezios-edition-thomaskirche-vol-2\/\" class=\"more-link\">Continue reading<span class=\"screen-reader-text\"> &#8220;CD-108:HERZOG-TEREZIOS                                                                   edition thomaskirche Vol.2&#8221;<\/span><\/a><\/p>\n","protected":false},"author":1,"featured_media":605,"parent":0,"menu_order":108,"comment_status":"closed","ping_status":"closed","template":"","meta":{"footnotes":""},"class_list":["post-604","page","type-page","status-publish","has-post-thumbnail","hentry"],"_links":{"self":[{"href":"https:\/\/istrings.eu\/newmusic.at\/wp-json\/wp\/v2\/pages\/604","targetHints":{"allow":["GET"]}}],"collection":[{"href":"https:\/\/istrings.eu\/newmusic.at\/wp-json\/wp\/v2\/pages"}],"about":[{"href":"https:\/\/istrings.eu\/newmusic.at\/wp-json\/wp\/v2\/types\/page"}],"author":[{"embeddable":true,"href":"https:\/\/istrings.eu\/newmusic.at\/wp-json\/wp\/v2\/users\/1"}],"replies":[{"embeddable":true,"href":"https:\/\/istrings.eu\/newmusic.at\/wp-json\/wp\/v2\/comments?post=604"}],"version-history":[{"count":1,"href":"https:\/\/istrings.eu\/newmusic.at\/wp-json\/wp\/v2\/pages\/604\/revisions"}],"predecessor-version":[{"id":606,"href":"https:\/\/istrings.eu\/newmusic.at\/wp-json\/wp\/v2\/pages\/604\/revisions\/606"}],"wp:featuredmedia":[{"embeddable":true,"href":"https:\/\/istrings.eu\/newmusic.at\/wp-json\/wp\/v2\/media\/605"}],"wp:attachment":[{"href":"https:\/\/istrings.eu\/newmusic.at\/wp-json\/wp\/v2\/media?parent=604"}],"curies":[{"name":"wp","href":"https:\/\/api.w.org\/{rel}","templated":true}]}}