{"id":233,"date":"2021-02-17T14:32:43","date_gmt":"2021-02-17T14:32:43","guid":{"rendered":"https:\/\/newmusic.at\/?page_id=233"},"modified":"2021-02-17T15:49:18","modified_gmt":"2021-02-17T15:49:18","slug":"cd-12babaschek-reminiszenzen-privat-cd","status":"publish","type":"page","link":"https:\/\/istrings.eu\/newmusic.at\/cd-12babaschek-reminiszenzen-privat-cd\/","title":{"rendered":"CD-12:BABASCHEK (Reminiszenzen)                                                                                 Privat CD"},"content":{"rendered":"\n<p><strong>Kompositionen &amp; Arrangements von Heinrich Babaschek<\/strong><\/p>\n\n\n\n<p>01. Einzug f\u00fcr 3 Trompeten &amp; Pauken 02:23<\/p>\n\n\n\n<p>02. Psalm 13 f\u00fcr 4-stimmig gemischten Chor a cappella 03:00<\/p>\n\n\n\n<p>03. Dornenkr\u00f6nung f\u00fcr 3 Trompeten 03:07&nbsp;<\/p>\n\n\n\n<p>04. Inventino f\u00fcr Klavier 02:34<\/p>\n\n\n\n<p>05. Drei Pittoresquen f\u00fcr Klavier: \u201cMontagmorgen\u201d 02:01<\/p>\n\n\n\n<p>06. &nbsp; &nbsp; &nbsp; &nbsp; &nbsp; &nbsp; &nbsp; &nbsp; &nbsp; &nbsp; &nbsp; &nbsp; &nbsp; &nbsp; &nbsp; &nbsp; &nbsp; &nbsp; &nbsp; &nbsp; &nbsp; &nbsp; &nbsp; \u201eSchlummerliedchen\u201c 02:23<\/p>\n\n\n\n<p>07. &nbsp; &nbsp; &nbsp; &nbsp; &nbsp; &nbsp; &nbsp; &nbsp; &nbsp; &nbsp; &nbsp; &nbsp; &nbsp; &nbsp; &nbsp; &nbsp; &nbsp; &nbsp; &nbsp; &nbsp; &nbsp; &nbsp; &nbsp; \u201eDelirium tremens\u201c 04:56<\/p>\n\n\n\n<p>08. Sonata Classica f\u00fcr Klavier: I&nbsp; &#8211; &nbsp; Allegro moderato 08:30<\/p>\n\n\n\n<p>09. &nbsp; &nbsp; &nbsp; &nbsp; &nbsp; &nbsp; &nbsp; &nbsp; &nbsp; &nbsp; &nbsp; &nbsp; &nbsp; &nbsp; &nbsp; &nbsp; &nbsp; &nbsp; &nbsp; &nbsp; &nbsp; II \u2013&nbsp; Molto adagio e cantabile 07:25<\/p>\n\n\n\n<p>10. &nbsp; &nbsp; &nbsp; &nbsp; &nbsp; &nbsp; &nbsp; &nbsp; &nbsp; &nbsp; &nbsp; &nbsp; &nbsp; &nbsp; &nbsp; &nbsp; &nbsp; &nbsp; &nbsp; &nbsp; &nbsp; III \u2013 Rondo con variazioni e Fuga 09:04<\/p>\n\n\n\n<p>11. Sonatine in drei S\u00e4tzen f\u00fcr Klarinette &amp; Klavier 07:49<\/p>\n\n\n\n<p>Vier Musicalarrangements f\u00fcr kleines Orchester:<\/p>\n\n\n\n<p>12. The Phantom of the Opera 04:11<\/p>\n\n\n\n<p>13. Don\u2019t cry for me Argentina 05:10<\/p>\n\n\n\n<p>14. Elisabeth, mach auf 03:49<\/p>\n\n\n\n<p>15. Ich geh\u00f6r nur mir 03:45<\/p>\n\n\n\n<p>16. \u201eEinsamkeit\u201c f\u00fcr mittelhohe Singstimme &amp; Klavier 08:01<\/p>\n","protected":false},"excerpt":{"rendered":"<p>Kompositionen &amp; Arrangements von Heinrich Babaschek 01. Einzug f\u00fcr 3 Trompeten &amp; Pauken 02:23 02. Psalm 13 f\u00fcr 4-stimmig gemischten Chor a cappella 03:00 03. Dornenkr\u00f6nung f\u00fcr 3 Trompeten 03:07&nbsp; 04. Inventino f\u00fcr Klavier 02:34 05. Drei Pittoresquen f\u00fcr Klavier: \u201cMontagmorgen\u201d 02:01 06. &nbsp; &nbsp; &nbsp; &nbsp; &nbsp; &nbsp; &nbsp; &nbsp; &nbsp; &nbsp; &nbsp; &nbsp; &hellip; <\/p>\n<p class=\"link-more\"><a href=\"https:\/\/istrings.eu\/newmusic.at\/cd-12babaschek-reminiszenzen-privat-cd\/\" class=\"more-link\">Continue reading<span class=\"screen-reader-text\"> &#8220;CD-12:BABASCHEK (Reminiszenzen)                                                                                 Privat CD&#8221;<\/span><\/a><\/p>\n","protected":false},"author":1,"featured_media":234,"parent":0,"menu_order":12,"comment_status":"closed","ping_status":"closed","template":"","meta":{"footnotes":""},"class_list":["post-233","page","type-page","status-publish","has-post-thumbnail","hentry"],"_links":{"self":[{"href":"https:\/\/istrings.eu\/newmusic.at\/wp-json\/wp\/v2\/pages\/233","targetHints":{"allow":["GET"]}}],"collection":[{"href":"https:\/\/istrings.eu\/newmusic.at\/wp-json\/wp\/v2\/pages"}],"about":[{"href":"https:\/\/istrings.eu\/newmusic.at\/wp-json\/wp\/v2\/types\/page"}],"author":[{"embeddable":true,"href":"https:\/\/istrings.eu\/newmusic.at\/wp-json\/wp\/v2\/users\/1"}],"replies":[{"embeddable":true,"href":"https:\/\/istrings.eu\/newmusic.at\/wp-json\/wp\/v2\/comments?post=233"}],"version-history":[{"count":1,"href":"https:\/\/istrings.eu\/newmusic.at\/wp-json\/wp\/v2\/pages\/233\/revisions"}],"predecessor-version":[{"id":235,"href":"https:\/\/istrings.eu\/newmusic.at\/wp-json\/wp\/v2\/pages\/233\/revisions\/235"}],"wp:featuredmedia":[{"embeddable":true,"href":"https:\/\/istrings.eu\/newmusic.at\/wp-json\/wp\/v2\/media\/234"}],"wp:attachment":[{"href":"https:\/\/istrings.eu\/newmusic.at\/wp-json\/wp\/v2\/media?parent=233"}],"curies":[{"name":"wp","href":"https:\/\/api.w.org\/{rel}","templated":true}]}}