{"id":127,"date":"2021-01-29T16:05:58","date_gmt":"2021-01-29T16:05:58","guid":{"rendered":"https:\/\/newmusic.at\/?page_id=127"},"modified":"2021-02-19T10:24:27","modified_gmt":"2021-02-19T10:24:27","slug":"cd-1abrashev-wurdinger-schwediauer-langner-wagner-w-taskov","status":"publish","type":"page","link":"https:\/\/istrings.eu\/newmusic.at\/cd-1abrashev-wurdinger-schwediauer-langner-wagner-w-taskov\/","title":{"rendered":"CD-1:ABRASHEV-W\u00dcRDINGER-SCHWEDIAUER-LANGNER-WAGNER W.-TASKOV-KAUFMANN D.  25.06.2002 \u00d6GZM Kammerkonzert"},"content":{"rendered":"\n<p class=\"has-text-align-center\"><em>Konzert der <\/em><strong><em>\u00d6<\/em><\/strong><em>sterreichische <\/em><strong><em>G<\/em><\/strong><em>esellschaft f\u00fcr <\/em><strong><em>Z<\/em><\/strong><em>eitgen\u00f6ssische <\/em><strong><em>M<\/em><\/strong><em>usik&nbsp;<\/em><\/p>\n\n\n\n<p class=\"has-text-align-center\"><em>in Zusammenarbeit mit Staatliche Musikakademie Sofia, Bulgarien<\/em><\/p>\n\n\n\n<p><strong>KAMMERKONZERT<\/strong><\/p>\n\n\n\n<p><strong><em>\u00d6sterreichische &amp; Bulgarische KomponistInnen<\/em><\/strong><\/p>\n\n\n\n<p>Dienstag, 25.Juni 2002, 19 Uhr, Universit\u00e4t f\u00fcr Musik und darstellende Kunst Wien,<\/p>\n\n\n\n<p>Fanny Hensel-Mendelsssohn Saal, 1030 Wien, Anton-von-Webern-Platz 1<\/p>\n\n\n\n<p><strong>CD 1<\/strong><\/p>\n\n\n\n<p>01. <strong>Bojidar Abrashev<\/strong>&nbsp; Streichquartett No.3<\/p>\n\n\n\n<p>02.<em> Streichquartett der Wiener MusikUniversit\u00e4t<\/em><\/p>\n\n\n\n<p>03.<\/p>\n\n\n\n<p>04. <strong>Ernst W\u00fcrdinger<\/strong>&nbsp; Drei Klavierst\u00fccke 1977<\/p>\n\n\n\n<p>05. <em>Jakob Lajta, Klavier<\/em><\/p>\n\n\n\n<p>06.<\/p>\n\n\n\n<p>07. Drei Charakterst\u00fccke f\u00fcr Klavier 1979<\/p>\n\n\n\n<p>08. <em>Tzveta Dimitrova, Klavier<\/em><\/p>\n\n\n\n<p>09.<\/p>\n\n\n\n<p>10. Zwei Ostinatos f\u00fcr Klavier 2000<\/p>\n\n\n\n<p>11. <em>Nikolai Swetly, Klavier<\/em><\/p>\n\n\n\n<p>12. <strong>Martha Schwediauer<\/strong>\u201ewas willst du noch\u201c f. Posaune, Basstuba, Klavier u. Sprecherin<\/p>\n\n\n\n<p><em>Raphael Trautwein, Posaune &#8211; Michael Pircher, Tuba&nbsp; &#8211;&nbsp;<\/em><\/p>\n\n\n\n<p><em>Martha Schwediauer, Klavier \u2013 Sprecherin: Leonore Endre\u00df<\/em><\/p>\n\n\n\n<p><strong>CD 2<\/strong><\/p>\n\n\n\n<p>01. <strong>Raimund Langner<\/strong> Allegro ritmico f\u00fcr Violine und Klavier op.11<\/p>\n\n\n\n<p><em>Iva Nikolova, Violine&nbsp; &#8211;&nbsp; Raimund Langner, Klavier<\/em><\/p>\n\n\n\n<p>02. <strong>Bojidar Abrashev<\/strong> Recitativ und Burleske f\u00fcr Klarinette und Klavier<\/p>\n\n\n\n<p><em>Matej Kozub, Klarinette &#8211; Tzveta Dimitrova, Klavier<\/em><\/p>\n\n\n\n<p>03. <strong>Wolfram Wagner<\/strong> 7 kurze St\u00fccke f\u00fcr Blechbl\u00e4serquintett (2000)<\/p>\n\n\n\n<p>04<em>. Szusanne Leitner &amp; Simon Ertl, Trompeten &#8211; Daniela Ettlinger,&nbsp;<\/em><\/p>\n\n\n\n<p>05<em>. Horn &#8211; Andreas Raidl, Posaune \u2013 Anton Huber, Basstuba<\/em><\/p>\n\n\n\n<p>06.&nbsp;<\/p>\n\n\n\n<p>07.<\/p>\n\n\n\n<p>08.<\/p>\n\n\n\n<p>09.<\/p>\n\n\n\n<p>10. <strong>Krassimir Taskov<\/strong> \u201eThree Contrasts\u201d&nbsp; Invocation \u2013 Crypt &#8211; Ostinato&nbsp;<\/p>\n\n\n\n<p>11. f\u00fcr Posaune und Klavier&nbsp;<\/p>\n\n\n\n<p>12.<em> Raphael Trautwein, Posaune &#8211; Kaori Nishii, Klavier<\/em><\/p>\n\n\n\n<p>13. <strong>Dieter Kaufmann<\/strong> \u201eGenius Compact Brass\u201c op.67a\/1999 f\u00fcr Blechbl\u00e4serquintett<\/p>\n\n\n\n<p>14. <em>Laszlo Kovacs &amp; Tibor Csik, Trompeten \u2013 Tamas Tasnadi, Horn \u2013&nbsp;<\/em><\/p>\n\n\n\n<p>15.<em> Resz\u00f6 Balint, Posaune \u2013 Michael Pircher, Ba\u00dftuba<\/em><\/p>\n\n\n\n<p>16.<\/p>\n\n\n\n<p class=\"has-text-align-center\"><em>Musikalische Leitung: Werner Hackl<\/em><\/p>\n","protected":false},"excerpt":{"rendered":"<p>Konzert der \u00d6sterreichische Gesellschaft f\u00fcr Zeitgen\u00f6ssische Musik&nbsp; in Zusammenarbeit mit Staatliche Musikakademie Sofia, Bulgarien KAMMERKONZERT \u00d6sterreichische &amp; Bulgarische KomponistInnen Dienstag, 25.Juni 2002, 19 Uhr, Universit\u00e4t f\u00fcr Musik und darstellende Kunst Wien, Fanny Hensel-Mendelsssohn Saal, 1030 Wien, Anton-von-Webern-Platz 1 CD 1 01. Bojidar Abrashev&nbsp; Streichquartett No.3 02. Streichquartett der Wiener MusikUniversit\u00e4t 03. 04. Ernst W\u00fcrdinger&nbsp; Drei &hellip; <\/p>\n<p class=\"link-more\"><a href=\"https:\/\/istrings.eu\/newmusic.at\/cd-1abrashev-wurdinger-schwediauer-langner-wagner-w-taskov\/\" class=\"more-link\">Continue reading<span class=\"screen-reader-text\"> &#8220;CD-1:ABRASHEV-W\u00dcRDINGER-SCHWEDIAUER-LANGNER-WAGNER W.-TASKOV-KAUFMANN D.  25.06.2002 \u00d6GZM Kammerkonzert&#8221;<\/span><\/a><\/p>\n","protected":false},"author":1,"featured_media":128,"parent":0,"menu_order":1,"comment_status":"closed","ping_status":"closed","template":"","meta":{"footnotes":""},"class_list":["post-127","page","type-page","status-publish","has-post-thumbnail","hentry"],"_links":{"self":[{"href":"https:\/\/istrings.eu\/newmusic.at\/wp-json\/wp\/v2\/pages\/127","targetHints":{"allow":["GET"]}}],"collection":[{"href":"https:\/\/istrings.eu\/newmusic.at\/wp-json\/wp\/v2\/pages"}],"about":[{"href":"https:\/\/istrings.eu\/newmusic.at\/wp-json\/wp\/v2\/types\/page"}],"author":[{"embeddable":true,"href":"https:\/\/istrings.eu\/newmusic.at\/wp-json\/wp\/v2\/users\/1"}],"replies":[{"embeddable":true,"href":"https:\/\/istrings.eu\/newmusic.at\/wp-json\/wp\/v2\/comments?post=127"}],"version-history":[{"count":7,"href":"https:\/\/istrings.eu\/newmusic.at\/wp-json\/wp\/v2\/pages\/127\/revisions"}],"predecessor-version":[{"id":371,"href":"https:\/\/istrings.eu\/newmusic.at\/wp-json\/wp\/v2\/pages\/127\/revisions\/371"}],"wp:featuredmedia":[{"embeddable":true,"href":"https:\/\/istrings.eu\/newmusic.at\/wp-json\/wp\/v2\/media\/128"}],"wp:attachment":[{"href":"https:\/\/istrings.eu\/newmusic.at\/wp-json\/wp\/v2\/media?parent=127"}],"curies":[{"name":"wp","href":"https:\/\/api.w.org\/{rel}","templated":true}]}}